14
What is the greatest common divisor of 10561 and 59?
59
Calculate the greatest common factor of 38 and 10.
2
What is the greatest common factor of 399 and 7847?
133
Calculate the greatest common factor of 1890 and 36.
18
What is the greatest common factor of 903 and 154?
7
Calculate the greatest common divisor of 760 and 40.
40
What is the highest common divisor of 2495 and 5?
5
Calculate the highest common factor of 11330 and 220.
110
What is the highest common factor of 1458 and 540?
54
Calculate the greatest common factor of 4 and 134.
2
What is the greatest common factor of 368 and 230?
46
What is the highest common divisor of 2291 and 158?
79
Calculate the highest common divisor of 6784 and 1908.
212
Calculate the greatest common factor of 19873 and 17.
17
Calculate the greatest common divisor of 98 and 3066.
14
Calculate the greatest common divisor of 309 and 824.
103
Calculate the highest common divisor of 48 and 204.
12
Calculate the highest common divisor of 765 and 340.
85
Calculate the highest common factor of 95 and 5472.
19
Calculate the greatest common factor of 8 and 584.
8
Calculate the greatest common divisor of 1162 and 14.
14
What is the highest common divisor of 6996 and 132?
132
What is the highest common divisor of 2 and 421?
1
What is the highest common divisor of 2257 and 366?
61
Calculate the greatest common divisor of 189 and 27.
27
What is the greatest common factor of 44522 and 1182?
394
What is the greatest common factor of 207 and 18?
9
Calculate the greatest common divisor of 5 and 2195.
5
What is the highest common divisor of 14 and 203?
7
Calculate the greatest common factor of 60 and 444.
12
What is the greatest common factor of 454 and 21565?
227
What is the highest common factor of 589 and 31?
31
Calculate the greatest common divisor of 102 and 162.
6
What is the highest common factor of 44 and 935?
11
Calculate the highest common divisor of 30 and 348.
6
Calculate the highest common divisor of 88 and 594.
22
Calculate the highest common divisor of 3939 and 117.
39
Calculate the highest common divisor of 1984 and 31.
31
Calculate the highest common divisor of 62 and 6913.
31
What is the greatest common factor of 226 and 1921?
113
Calculate the highest common factor of 1798 and 58.
58
What is the highest common factor of 2142 and 2016?
126
What is the highest common divisor of 204 and 272?
68
Calculate the greatest common factor of 3885 and 7.
7
Calculate the highest common divisor of 51384 and 48.
24
What is the highest common factor of 2641 and 973?
139
Calculate the greatest common divisor of 344 and 86.
86
Calculate the greatest common factor of 6846 and 42.
42
Calculate the highest common factor of 791 and 113.
113
Calculate the highest common divisor of 27 and 23787.
27
Calculate the highest common factor of 3 and 11520.
3
Calculate the highest common factor of 297 and 22.
11
Calculate the highest common factor of 602 and 86.
86
Calculate the highest common divisor of 1 and 250.
1
What is the highest common divisor of 285 and 75?
15
Calculate the greatest common divisor of 116 and 87.
29
What is the highest common factor of 430 and 688?
86
Calculate the greatest common factor of 8169 and 84.
21
What is the highest common divisor of 820 and 100?
20
Calculate the greatest common divisor of 36 and 1602.
18
Calculate the greatest common factor of 1107 and 3075.
123
Calculate the greatest common factor of 1071 and 63.
63
Calculate the greatest common factor of 3 and 5961.
3
Calculate the greatest common factor of 60 and 100.
20
What is the greatest common factor of 168 and 4438?
14
Calculate the greatest common factor of 762 and 4.
2
What is the highest common factor of 69 and 46?
23
Calculate the greatest common divisor of 160 and 190.
10
What is the highest common factor of 658 and 28?
14
Calculate the highest common divisor of 7460 and 20.
20
What is the greatest common factor of 32 and 272?
16
Calculate the highest common divisor of 1764 and 2700.
36
What is the highest common factor of 120 and 3060?
60
Calculate the highest common factor of 56 and 2212.
28
Calculate the greatest common factor of 21 and 1407.
21
What is the highest common divisor of 381 and 12?
3
Calculate the highest common divisor of 147 and 196.
49
What is the highest common divisor of 580 and 43790?
290
What is the highest common factor of 25 and 95?
5
Calculate the highest common factor of 264 and 13992.
264
Calculate the highest common factor of 1 and 27.
1
What is the highest common divisor of 27 and 6291?
27
Calculate the highest common factor of 12 and 84.
12
What is the highest common factor of 20 and 340?
20
What is the greatest common factor of 1424 and 16?
16
Calculate the greatest common factor of 187 and 825.
11
Calculate the greatest common divisor of 12 and 9588.
12
Calculate the greatest common divisor of 592 and 222.
74
What is the greatest common factor of 14 and 1967?
7
Calculate the highest common factor of 30 and 70.
10
Calculate the greatest common factor of 16 and 3280.
16
Calculate the greatest common factor of 18 and 2178.
18
Calculate the highest common factor of 108392 and 136.
136
Calculate the greatest common factor of 5820 and 60.
60
Calculate the highest common factor of 242 and 8107.
121
What is the highest common divisor of 37 and 2257?
37
What is the greatest common factor of 30 and 93?
3
What is the highest common divisor of 22 and 17644?
22
Calculate the highest common divisor of 74 and 999.
37
Calculate the greatest common factor of 50 and 650.
50
What is the greatest common factor of 15 and 4?
1
What is the greatest common divisor of 52 and 11544?
52
What is the greatest common divisor of 406 and 28?
14
What is the highest common divisor of 352 and 66?
22
What is the highest common factor of 1496 and 3?
1
Calculate the highest common divisor of 10 and 230.
10
What is the highest common factor of 518 and 2294?
74
Calculate the greatest common divisor of 4596 and 36.
12
What is the highest common factor of 180 and 396?
36
What is the greatest common divisor of 221 and 39?
13
What is the highest common divisor of 100 and 4300?
100
What is the greatest common divisor of 34 and 187?
17
What is the greatest common factor of 6792 and 24?
24
Calculate the highest common factor of 1225 and 875.
175
Calculate the greatest common factor of 1819 and 1498.
107
Calculate the highest common divisor of 3 and 15.
3
What is the highest common divisor of 71 and 213?
71
Calculate the greatest common factor of 12 and 98004.
12
Calculate the greatest common divisor of 263 and 44447.
263
What is the highest common divisor of 1030 and 210?
10
What is the greatest common factor of 96 and 69?
3
Calculate the highest common divisor of 20271 and 87.
87
Calculate the greatest common factor of 2047 and 276.
23
What is the highest common factor of 333 and 185?
37
Calculate the greatest common factor of 15 and 12.
3
What is the greatest common divisor of 3375 and 351?
27
What is the greatest common factor of 87 and 87?
87
Calculate the highest common divisor of 43 and 7009.
43
Calculate the highest common divisor of 14 and 1134.
14
Calculate the highest common factor of 10 and 320.
10
Calculate the greatest common divisor of 6030 and 90.
90
Calculate the greatest common factor of 1626 and 18.
6
What is the highest common factor of 44 and 396?
44
Calculate the greatest common factor of 7 and 763.
7
What is the greatest common divisor of 6886 and 44?
22
Calculate the highest common divisor of 2278 and 1608.
134
Calculate the greatest common factor of 36 and 306.
18
Calculate the highest common divisor of 464 and 16.
16
What is the highest common divisor of 55 and 2365?
55
Calculate the greatest common factor of 46 and 1081.
23
What is the highest common divisor of 18 and 66?
6
Calculate the highest common factor of 6 and 588.
6
Calculate the greatest common factor of 145 and 58.
29
What is the highest common divisor of 15 and 19675?
5
Calculate the greatest common factor of 31 and 1333.
31
What is the greatest common divisor of 1457 and 329?
47
What is the highest common divisor of 13 and 3627?
13
Calculate the highest common factor of 34 and 96.
2
Calculate the highest common factor of 116 and 22852.
116
Calculate the high